e 34*3*(-4)/24. Let s = u + 20. Suppose -3*j - 2*c + 260 = 0, -s*j + 196 = -c - 52. Calculate the greatest common factor of j and 12.
12
Suppose 7*m - 1158 = 788. Suppose -4*h = 4*w - m + 26, -3*w + 189 = -2*h. What is the greatest common factor of w and 567?
63
Let t = -1804 + 2396. Let w be (-1)/(-7) - (-258)/7. What is the greatest common factor of t and w?
37
Let g = 7334 - -4804. Calculate the greatest common divisor of g and 42.
42
Let a(l) = 117*l**2. Let g be a(1). Let c = 803 - 1169. Let m = c - -379. Calculate the highest common factor of g and m.
13
Suppose 0 = 3*u + 12*u - 45. Suppose m + u*n - 195 = -2*m, -2*n - 278 = -4*m. What is the highest common factor of m and 4?
4
Suppose 4*t - 96 = -5*z - 58, 0 = -3*z + t + 16. Calculate the highest common divisor of 382 and z.
2
Suppose 0 = 3*o + a + 1, 5*o = -2*a + a - 5. Let p(h) = -13*h**3 - 4*h**2 - 3*h + 2. Let v be p(o). Calculate the greatest common factor of 6 and v.
6
Let h = 58 + -38. Let s = h + -1. Calculate the highest common divisor of s and 19.
19
Let n = 39 - 22. Suppose 5*i = n + 18. Let q = -7592 + 7599. What is the greatest common factor of q and i?
7
Suppose -22 = 4*w - 6, 0 = -c - w - 130. Let o = -122 - c. Let k be 252/2 - (4 - o). What is the highest common factor of 42 and k?
42
Suppose 9*x + 4*v + 5 = 4*x, 10 = -3*x - v. Let c(f) = -2*f**2 + 2*f**2 + 7*f**2 + 3*f. Let t be c(x). Calculate the greatest common factor of 20 and t.
20
Suppose 986 + 1402 = 4*g + 4*z, 4*g = 4*z + 2412. Let i = 652 - g. What is the greatest common divisor of i and 169?
13
Suppose 3*g + 270 = -3*m, 5*g + 450 = 4*m - 3*m. Let k = -79 - g. Calculate the highest common divisor of k and 209.
11
Let p be (0 + 0)*(2 + -3). Suppose p*k = -k + 128. Let z(b) = -b**3 - 5*b**2 + 4*b + 4. Let n be z(-6). Calculate the greatest common factor of k and n.
16
Let m be 1690/85 + -6*1/(-51). Let s be (51 - -9)/(3/16). Calculate the greatest common divisor of m and s.
20
Let u be (0 + 3)/((-15)/590). Let x = u - -110. Let i(j) = j**3 + 10*j**2 + 17*j + 11. Let a be i(x). Calculate the greatest common factor of 27 and a.
3
Let i be 537*(-4)/(-20) - (-6)/10. Suppose 0 = -5*z - 2*s + i, -2*z + 47 = -4*s + 23. Calculate the greatest common factor of z and 540.
20
Suppose 50*k = 79051 + 22799. Calculate the greatest common divisor of k and 42.
21
Let q be (4/(0 + 2))/(-2). Let o be (q - -36)*(-18)/(-5). Let i(l) = 8*l - 46. Let j be i(8). What is the highest common divisor of o and j?
18
Let h be ((-7)/(-1) - 5)*(-103)/(-2). Let c be h - (0 + -4 + 3). Calculate the greatest common divisor of 260 and c.
52
Suppose -3*r - 3*p + 729 = -2136, -32 = 8*p. Calculate the highest common factor of 3288 and r.
137
Suppose -w + 135 = 4*y - 257, -1610 = -4*w - 2*y. Calculate the greatest common factor of 12 and w.
4
Let x = 181 + -132. Suppose 6*v + x = 157. Calculate the greatest common divisor of 234 and v.
18
Suppose 85 = 5*l - 5*c, 3*l = -0*l - 2*c + 36. Let v(m) = -m + 67 - 66 + 2*m. Let z be v(l). What is the highest common factor of 15 and z?
15
Suppose 3*h - 2*h - 537 = 3*u, 0 = -u - 1. What is the greatest common factor of h and 13083?
267
Let l(w) = -w**2 + 512*w + 23292. Let z be l(-42). Let x = 304 - 112. Calculate the greatest common divisor of x and z.
24
Suppose 72*l = 74*l - 908. Suppose -4*t = -2*p - l, -6*t + 5*p + 215 = -4*t. What is the greatest common factor of t and 46?
23
Suppose -233 = -4*m - 33. Suppose 3*c + 7*c - m = 0. Suppose 7 + 13 = 4*l. What is the greatest common divisor of c and l?
5
Suppose 16 = 5*i - 4. Suppose -4*u = -i*x + 40, 2*x - 5*u - 19 - 1 = 0. Let m = 89 + 1. What is the greatest common divisor of x and m?
10
Let r(k) = -2*k + 4. Let f = -18 - 8. Let z = f + 23. Let n be r(z). Calculate the greatest common divisor of n and 90.
10
Let v(n) = -6*n**2 + 8*n - 5. Let o be v(-10). Let z = 830 + o. Calculate the highest common factor of 58 and z.
29
Let q(m) = -66*m - 962. Let r be q(-15). Let y be (-6188)/(-13)*(-2)/(-4). What is the greatest common divisor of y and r?
14
Let c(p) = -9*p**3 - p**2 - 4*p - 2. Let n be c(-2). Let u(a) = 11*a**2 + 10*a + 13. Let o be u(-9). What is the highest common divisor of n and o?
74
Let h(s) = -s**2 + 5*s + 3. Let m be h(5). Suppose 36*d = 39*d, 2*l + m*d - 104 = 0. What is the greatest common divisor of 338 and l?
26
Let v be 4/18*(1 - -8). Suppose 0 = -v*n + 5*j + 72, 0*n + 4*n + 5*j - 174 = 0. What is the greatest common factor of n and 205?
41
Suppose 9*o + 10 = 46. Suppose -o*r + 7 = 3*l - 31, -3*r - 4*l + 25 = 0. Suppose 0 = r*f - 158 - 139. Calculate the highest common factor of f and 9.
9
Let n be 2 + -10 + 48/(12 - 9). What is the greatest common factor of n and 83?
1
Suppose -4*s - 5088 = -2*q, 2*s - 5*q = -2901 + 373. Let y = -1273 - s. Let g be 15 - (-1 - (0 + 0)). What is the highest common divisor of y and g?
1
Let m(y) be the first derivative of y**3/3 - 27*y**2/2 + 14*y + 22. Let k be m(28). Calculate the highest common divisor of 70 and k.
14
Let v = 91672 - 91630. Let c(z) = -2*z + 2. Let i be c(-2). Calculate the greatest common divisor of i and v.
6
Suppose -6*b + 15*b = -90. Let c be (-18)/b - 28/35. Let d be c + (-212)/(-20) - 4/(-10). What is the greatest common factor of d and 6?
6
Let q(j) = j**3 + 7*j**2 - j - 67. Let s be q(-8). Let c = s - -128. Calculate the greatest common divisor of 40 and c.
5
Suppose -62 = -8*d + 123 + 391. What is the greatest common factor of d and 600?
24
Let q = 4 + 6. Let y be 4/8*(q + -2). Let v(p) = -p**2 - 119*p + 886. Let o be v(7). Calculate the greatest common factor of o and y.
4
Suppose -501*c = 5*m - 504*c - 174, -5*c + 154 = 4*m. What is the greatest common divisor of m and 1632?
12
Let m = 211 + -209. Suppose m*d = 7*d - 590. Calculate the greatest common divisor of d and 59.
59
Let o be (3*(-1)/5)/((-7)/210). Let x = o + -10. What is the greatest common divisor of 52 and x?
4
Let s(b) = -1194*b - 6963. Let q be s(-7). Calculate the greatest common factor of q and 11997.
279
Suppose 65*w = 53*w + 24. Suppose -w - 2 = -2*a - 4*t, -5*a + 5*t + 40 = 0. Calculate the greatest common divisor of a and 198.
6
Let y(i) = -7*i - 84. Let d be y(-13). Let c be 23 + 5/(6 - d). Suppose -3*j + 12 = -123. What is the greatest common divisor of c and j?
9
Suppose -20*l + 15*l = -20. Suppose -5 + 29 = l*s. What is the greatest common divisor of s and 96?
6
Let j be 1 - 1 - (-2110)/11 - (-316)/1738. What is the greatest common divisor of 400 and j?
16
Let i(c) = -c**2 - 215*c + 2661. Let o be i(11). What is the highest common factor of 100 and o?
25
Suppose -14072 = -29*w + 21656. What is the highest common factor of w and 504?
56
Let d be (2/7 - 3436/(-126)) + (-12)/(-27). What is the greatest common factor of 350 and d?
14
Let t = 5539 + -5526. What is the highest common factor of 15938 and t?
13
Suppose -2*u = 1380 - 1150. Let c = u + 164. Calculate the greatest common factor of c and 1176.
49
Suppose 1277 + 275 = 154*v + 12. Suppose r - 3*z - 17 = -r, 3*r - 4*z - 26 = 0. What is the highest common factor of v and r?
10
Suppose 40*t + 1233 = 1793. What is the greatest common divisor of t and 21?
7
Let q be (19 - -1)*((-16)/(-5) + 4). Suppose p = 7*p - 96. Calculate the greatest common factor of p and q.
16
Suppose -2256 - 1464 = -40*m. What is the greatest common divisor of 7037 and m?
31
Let j = 236 - 157. Let g = -267650 - -268045. What is the highest common factor of g and j?
79
Let g(s) = -s**2 - 2*s + 4. Let o be g(3). Let b be (1 + 16/(-10))/(o/55). Suppose -p = 3*h - 25, 2 - b = -p. What is the greatest common factor of h and 8?
8
Let c(n) = -n + 27. Let f be c(-15). What is the highest common divisor of 96 and f?
6
Let g(r) = -48 - 39 - 8*r - r**2 - 15*r - 2. Let b be g(-15). Let f be 500/16 + 1/(-4). What is the highest common factor of f and b?
31
Let g = -23 - -9. Let v = 61 - g. Calculate the highest common divisor of v and 45.
15
Let t(q) = 30*q**2 - 2 + 67*q + 11*q**2 - 6*q**2 - 2*q**2. Let f be t(3). Calculate the highest common divisor of f and 186.
62
Let p be (-3)/(2 - (-5330)/(-2650)). Calculate the highest common factor of 1272 and p.
53
Let d = 29 - 3. Let y be 14*(-5 + (-407)/(-77)). Suppose 62 = y*v - d. Calculate the greatest common divisor of v and 33.
11
Let f(i) = i*